.
16
Calculate the remainder when 362 is divided by 14.
12
What is the remainder when 209 is divided by 15?
14
What is the remainder when 1642 is divided by 20?
2
Calculate the remainder when 317 is divided by 32.
29
What is the remainder when 707 is divided by 186?
149
Calculate the remainder when 1309 is divided by 116.
33
What is the remainder when 313 is divided by 8?
1
What is the remainder when 119 is divided by 17?
0
Calculate the remainder when 452 is divided by 35.
32
Calculate the remainder when 61 is divided by 37.
24
Calculate the remainder when 160 is divided by 38.
8
What is the remainder when 260 is divided by 195?
65
What is the remainder when 112 is divided by 6?
4
Calculate the remainder when 132 is divided by 19.
18
What is the remainder when 250 is divided by 2?
0
What is the remainder when 1908 is divided by 112?
4
Calculate the remainder when 5222 is divided by 13.
9
Calculate the remainder when 24 is divided by 8.
0
Calculate the remainder when 123 is divided by 63.
60
What is the remainder when 766 is divided by 76?
6
Calculate the remainder when 336 is divided by 21.
0
Calculate the remainder when 1617 is divided by 78.
57
Calculate the remainder when 986 is divided by 8.
2
What is the remainder when 242 is divided by 112?
18
Calculate the remainder when 339 is divided by 328.
11
Calculate the remainder when 4405 is divided by 29.
26
Calculate the remainder when 345 is divided by 12.
9
Calculate the remainder when 174 is divided by 46.
36
Calculate the remainder when 40 is divided by 31.
9
Calculate the remainder when 859 is divided by 425.
9
What is the remainder when 333 is divided by 123?
87
Calculate the remainder when 268 is divided by 37.
9
Calculate the remainder when 1437 is divided by 24.
21
Calculate the remainder when 170 is divided by 24.
2
Calculate the remainder when 1013 is divided by 18.
5
Calculate the remainder when 477 is divided by 5.
2
Calculate the remainder when 644 is divided by 37.
15
What is the remainder when 633 is divided by 72?
57
Calculate the remainder when 21603 is divided by 145.
143
Calculate the remainder when 329 is divided by 44.
21
What is the remainder when 993 is divided by 24?
9
Calculate the remainder when 1006 is divided by 46.
40
What is the remainder when 271 is divided by 13?
11
What is the remainder when 719 is divided by 4?
3
Calculate the remainder when 441 is divided by 186.
69
What is the remainder when 115 is divided by 8?
3
Calculate the remainder when 3 is divided by 3.
0
What is the remainder when 747 is divided by 94?
89
Calculate the remainder when 118 is divided by 27.
10
What is the remainder when 404 is divided by 15?
14
Calculate the remainder when 1838 is divided by 183.
8
What is the remainder when 1681 is divided by 58?
57
Calculate the remainder when 579 is divided by 370.
209
What is the remainder when 17718 is divided by 179?
176
What is the remainder when 266 is divided by 100?
66
Calculate the remainder when 343 is divided by 101.
40
What is the remainder when 6116 is divided by 19?
17
Calculate the remainder when 97 is divided by 42.
13
Calculate the remainder when 1708 is divided by 409.
72
Calculate the remainder when 2496 is divided by 21.
18
What is the remainder when 35751 is divided by 164?
163
What is the remainder when 285 is divided by 90?
15
What is the remainder when 1250 is divided by 53?
31
What is the remainder when 20 is divided by 17?
3
Calculate the remainder when 1138 is divided by 128.
114
What is the remainder when 387 is divided by 124?
15
Calculate the remainder when 359 is divided by 202.
157
Calculate the remainder when 165 is divided by 47.
24
Calculate the remainder when 303 is divided by 78.
69
What is the remainder when 300 is divided by 44?
36
Calculate the remainder when 220 is divided by 18.
4
What is the remainder when 2283 is divided by 19?
3
Calculate the remainder when 1126 is divided by 559.
8
What is the remainder when 390 is divided by 85?
50
Calculate the remainder when 1285 is divided by 245.
60
Calculate the remainder when 239 is divided by 46.
9
What is the remainder when 221 is divided by 34?
17
Calculate the remainder when 47447 is divided by 24.
23
Calculate the remainder when 15871 is divided by 143.
141
What is the remainder when 215 is divided by 55?
50
What is the remainder when 2259 is divided by 81?
72
What is the remainder when 5893 is divided by 15?
13
What is the remainder when 2587 is divided by 14?
11
What is the remainder when 96 is divided by 21?
12
What is the remainder when 815 is divided by 91?
87
Calculate the remainder when 74 is divided by 26.
22
Calculate the remainder when 238 is divided by 6.
4
Calculate the remainder when 725 is divided by 33.
32
Calculate the remainder when 1480 is divided by 78.
76
Calculate the remainder when 1650 is divided by 19.
16
What is the remainder when 366 is divided by 72?
6
Calculate the remainder when 159 is divided by 81.
78
What is the remainder when 410 is divided by 100?
10
Calculate the remainder when 901 is divided by 41.
40
Calculate the remainder when 1348 is divided by 54.
52
Calculate the remainder when 187 is divided by 12.
7
What is the remainder when 160 is divided by 27?
25
What is the remainder when 273 is divided by 91?
0
Calculate the remainder when 636 is divided by 91.
90
Calculate the remainder when 151 is divided by 89.
62
Calculate the remainder when 4368 is divided by 1454.
6
What is the remainder when 672 is divided by 16?
0
Calculate the remainder when 236 is divided by 30.
26
Calculate the remainder when 377 is divided by 170.
37
What is the remainder when 638 is divided by 71?
70
Calculate the remainder when 196 is divided by 51.
43
Calculate the remainder when 245 is divided by 18.
11
Calculate the remainder when 113 is divided by 38.
37
Calculate the remainder when 37 is divided by 1.
0
What is the remainder when 1156 is divided by 46?
6
Calculate the remainder when 1681 is divided by 100.
81
What is the remainder when 2357 is divided by 259?
26
Calculate the remainder when 1 is divided by 1.
0
What is the remainder when 1236 is divided by 177?
174
Calculate the remainder when 38 is divided by 8.
6
Calculate the remainder when 446 is divided by 267.
179
Calculate the remainder when 55 is divided by 14.
13
Calculate the remainder when 449 is divided by 25.
24
What is the remainder when 13 is divided by 4?
1
Calculate the remainder when 1857 is divided by 69.
63
What is the remainder when 3926 is divided by 231?
230
What is the remainder when 1090 is divided by 13?
11
What is the remainder when 259 is divided by 20?
19
Calculate the remainder when 84 is divided by 36.
12
Calculate the remainder when 21354 is divided by 27.
24
What is the remainder when 1033 is divided by 17?
13
What is the remainder when 2369 is divided by 10?
9
What is the remainder when 578 is divided by 118?
106
Calculate the remainder when 77 is divided by 38.
1
Calculate the remainder when 171 is divided by 3.
0
What is the remainder when 1597 is divided by 44?
13
What is the remainder when 847 is divided by 142?
137
Calculate the remainder when 70 is divided by 15.
10
Calculate the remainder when 170 is divided by 35.
30
What is the remainder when 107 is divided by 22?
19
What is the remainder when 93 is divided by 24?
21
What is the remainder when 384 is divided by 147?
90
What is the remainder when 73 is divided by 7?
3
What is the remainder when 235 is divided by 40?
35
What is the remainder when 1908 is divided by 22?
16
What is the remainder when 67 is divided by 9?
4
What is the remainder when 94 is divided by 41?
12
Calculate the remainder when 4637 is divided by 14.
3
Calculate the remainder when 78355 is divided by 386.
383
Calculate the remainder when 168 is divided by 52.
12
Calculate the remainder when 513 is divided by 12.
9
What is the remainder when 763 is divided by 110?
103
Calculate the remainder when 23204 is divided by 13.
12
Calculate the remainder when 674 is divided by 97.
92
What is the remainder when 36 is divided by 23?
13
Calculate the remainder when 1016 is divided by 253.
4
What is the remainder when 610 is divided by 188?
46
What is the remainder when 1658 is divided by 13?
7
What is the remainder when 87 is divided b